
3
Let h be (-3 + 6)*(-10)/3. Let z be 23/5 + h/(-25). Suppose -3*y - a = -29, -z*y + a + 36 = -15. What is the highest common factor of y and 90?
10
Let m = 34 + -23. Let c(v) = -v**3 + 7*v - 2. Suppose -4*w = -5*j + 30, -4*w + 3*j = 2*j + 22. Let p be c(w). Calculate the greatest common divisor of p and m.
11
Let c(s) = -s + 5. Let o(j) = 1. Let q(v) = c(v) - 2*o(v). Let t be q(-9). Calculate the highest common divisor of 132 and t.
12
Let c be (68/6)/(2/6). Let j = -23 + c. What is the highest common divisor of 1 and j?
1
Suppose -b = 12 - 117. Let t be 0 - 1 - 16/(-1). Calculate the highest common divisor of b and t.
15
Let m(u) = -u**2 + 10*u + 7. Let o be m(9). What is the highest common factor of 8 and o?
8
Suppose -3*y + 108 = 5*o, -80 = -5*o + 4*y + 56. Suppose 82 + 134 = l. Calculate the highest common factor of o and l.
24
Suppose 6*v + 5*v - 264 = 0. Calculate the greatest common factor of v and 24.
24
Let w(r) = 3*r**2 + 8*r - 57. Let a be w(-12). What is the greatest common divisor of 31 and a?
31
Let f(u) = u**3 - 3*u**2 + u - 1. Let v be f(3). Let t be (-50 + -3)*(0 - -1). Let i = -31 - t. Calculate the highest common divisor of v and i.
2
Let t = -3 + 4. Let n(z) = 3 - 9*z + t - 3 - z**2. Let y be n(-9). Calculate the greatest common divisor of 1 and y.
1
Suppose -108 = -13*v + 7*v. Let r = -21 - -39. Calculate the greatest common divisor of v and r.
18
Let j(y) = -3*y - 7. Suppose -2*q - 3*q = -5. Let f(a) = 1. Let z(g) = q*j(g) + 4*f(g). Let m be z(-5). What is the greatest common divisor of 18 and m?
6
Let n(k) = -4*k**3 - 5*k**3 + 10 + 9*k**2 + 8*k**3 + 11*k. Let h be n(10). What is the greatest common factor of h and 10?
10
Let r be ((-9)/(-5))/(((-28)/20)/(-7)). Calculate the highest common divisor of 72 and r.
9
Suppose 3*p + 4 = 4*p. Suppose 3*a + 45 = 3*k + 6, -p*k - 5*a = -7. Calculate the greatest common factor of k and 20.
4
Let p = 4 - 7. Let t = 9 + -5. Let v = t - p. Calculate the highest common factor of 21 and v.
7
Suppose 99 = 3*p - p + 5*t, -138 = -3*p - 4*t. Calculate the highest common divisor of 14 and p.
14
Suppose -43 + 233 = 2*y. Suppose -s - 191 = -5*u, u - 27 = 2*s + 13. What is the highest common divisor of u and y?
19
Let o(s) = -s + 3. Let t be o(2). Suppose 0 = d - 2 - t. Suppose d*l + 10 = 64. Calculate the highest common divisor of 18 and l.
18
Suppose z = -3*f + 2, 0 = 5*f - 2*z - 3*z - 30. Suppose -f*u = -11 - 9. Let p be (-110)/(1*(-1 - 0)). What is the highest common divisor of u and p?
10
Let z = 218 - 112. Suppose -z = -4*q + 94. Calculate the greatest common divisor of 25 and q.
25
Let u(f) = -f**2 + 14*f + 12. Let g be u(10). Calculate the highest common factor of 26 and g.
26
Let i be ((-28)/6)/((-2)/3). Let z(s) = s**2 - 2*s - 7. Let x be z(-7). What is the highest common factor of x and i?
7
Suppose -4*r = 4, 4*r + r = m - 9. Suppose m*i = 4 + 16. What is the highest common factor of 5 and i?
5
Let h(p) = 2*p + 1. Let r be h(1). Let t = 7 - r. Let i(z) = z**3 - z**2 + 5*z - 2. Let b be i(t). Calculate the highest common factor of 6 and b.
6
Let u = -2 - -2. Suppose 8*h - 3*h - 30 = u. Suppose 15 = 9*l - h*l. What is the highest common factor of 5 and l?
5
Let b be (-24)/(-14) - (18/(-14) - -1). Calculate the highest common factor of 1 and b.
1
Suppose -2*v + r = -105, -4*v - 2*r - r + 235 = 0. Let x(b) = 5*b + 7. Let a be x(3). What is the greatest common divisor of v and a?
11
Let j = 25 + -46. Let q be (-1)/(-2 - 39/j). What is the greatest common factor of q and 28?
7
Let b(s) = -s**2 + 3*s - 3. Let f be b(3). Let c be f - -1 - (-1 + 1). Let q = 11 + c. Calculate the greatest common factor of q and 9.
9
Suppose 2*z + 92 = 4*i, z + 40 = 3*i + 2*i. Let h be (360/z)/(2/(-20)). What is the greatest common divisor of h and 8?
8
Let u = 272 - 120. Calculate the greatest common divisor of u and 4.
4
Suppose g + 2*g = 36. Calculate the greatest common divisor of g and 84.
12
Let f(n) = 2*n + 30. Let p be f(-6). Calculate the highest common factor of 2 and p.
2
Suppose -4*h + 2 = -10. Suppose -d + 200 = h*d. Let s(b) = 4*b**3 - 4*b**2 + b + 2. Let p be s(2). Calculate the highest common factor of p and d.
10
Suppose -2*y + 2*f + 98 = 0, 0 = -y - f - f + 40. Calculate the greatest common divisor of y and 115.
23
Suppose 5*f - 570 = 5*v, 7*f + 5*v - 483 = 3*f. What is the highest common divisor of f and 13?
13
Suppose 9*s = 11*s - 6. Let y(v) = -v**2 - 8*v + 2. Let x be y(-7). Calculate the highest common divisor of x and s.
3
Suppose -5*c - 4*b + 3 = -33, -2*b - 8 = -4*c. Suppose c*f - 3*a + 5*a - 8 = 0, -3*a = -4*f + 18. Calculate the highest common divisor of 15 and f.
3
Suppose -2*f = 3*f + 2*h, -9 = -2*f + h. Let n = -22 + 28. Calculate the greatest common divisor of f and n.
2
Suppose -106 = -4*v - 22. What is the highest common factor of v and 231?
21
Let a(r) = 1 - r - 16*r - 3. Let u be a(-4). Calculate the highest common factor of u and 6.
6
Suppose -4*x + m = -76, -m + 4*m - 72 = -3*x. Calculate the highest common divisor of x and 160.
20
Let s(b) = 8*b + 58. Let d be s(-7). Calculate the greatest common divisor of d and 17.
1
Suppose -4*u + 3*s + s = -80, 80 = 4*u + 4*s. Suppose -3*h + 4 = -26. Calculate the highest common divisor of h and u.
10
Let s(c) = 2*c + 18. Let q be s(-8). What is the greatest common divisor of 3 and q?
1
Let l = -51 + 23. Let b be l/(-8) + (-3)/2. What is the greatest common factor of 22 and b?
2
Suppose 10*t - 11*t = -26. Calculate the highest common divisor of 130 and t.
26
Suppose -2*h + 14 = -0*h. Suppose 0 = 5*p - 15, -138 = -4*f + 3*p + 13. Suppose -b - 5 = -f. What is the highest common divisor of b and h?
7
Let k = 5 + 1. Suppose -2*b - 12 = -3*b. Calculate the highest common factor of b and k.
6
Let t(h) = 2*h**2 - 5*h + 2. Let m be t(3). What is the highest common divisor of m and 10?
5
Let r be (12/(-4) - -4) + 13. Let q be 2/6 + 415/15. Calculate the highest common factor of q and r.
14
Suppose -5 = -p - 4*p, c + p - 49 = 0. Suppose -r + 7 = g, -3*r + g = 1 - 18. Calculate the highest common divisor of c and r.
6
Let l be (-21)/(3/(-5)*10/4). Calculate the highest common factor of 56 and l.
14
Let w be (-3)/(-9) + (-2 - (-5262)/9). What is the highest common divisor of 53 and w?
53
Suppose 3*x = -0*x + v + 12, -4*x + v + 16 = 0. Calculate the highest common divisor of x and 20.
4
Let j be (5*-2)/2 - 3. Let x = -2 - j. What is the highest common divisor of 4 and x?
2
Suppose -17 = -4*t + 303. Suppose 2*z + 2*g = 72, -g = -4*z + 20 + 104. Calculate the greatest common divisor of z and t.
16
Let o be 3/2*8/3. Let z = -4 - -6. Suppose 0 = -o*y - 5*d - 0*d + 47, -z*d = 4*y - 50. Calculate the highest common factor of y and 52.
13
Let i(j) = -24*j - 36. Let k be i(-5). What is the highest common divisor of k and 12?
12
Let o be -4 - -2 - -32 - 0. Let y = 53 - 24. Let k = -19 + y. What is the greatest common divisor of o and k?
10
Let x(k) = 1. Let c(o) = -o - 1. Let r(b) = c(b) + 5*x(b). Let g be r(6). Let m = g - -5. What is the greatest common divisor of m and 12?
3
Let s(d) be the second derivative of d**4/6 + 5*d**3/6 - d**2 - 5*d. Let f be s(-4). What is the highest common factor of 50 and f?
10
Let c(r) = -48*r**2 + 3*r + 2. Let w be c(-2). Let q = 394 + w. Suppose 2*t - 34 = 2. What is the highest common factor of q and t?
18
Suppose 62 = 3*y + 14. Let f(u) = -2*u**3 - 2*u**2 - 1. Let t be f(-2). Let o = t - -17. Calculate the highest common divisor of o and y.
8
Suppose m - 5 = 3*i, -i = m + i. Suppose 3*j = 3*v + 54, -3*v + 7 = -m. Calculate the greatest common factor of 3 and j.
3
Suppose 135 = 6*l + 3*l. Let y(x) = x - 7. Let s be y(6). Let d(z) = -15*z. Let h be d(s). What is the greatest common factor of h and l?
15
Let t = 31 + -22. Let x(y) = y**3 + 6*y**2 + 10*y + 6. Let k be x(-3). Calculate the greatest common divisor of t and k.
3
Suppose 0 = 2*w - 5*w + 4*v + 55, -2*w + 2*v = -34. What is the greatest common divisor of 195 and w?
13
Suppose 0 = 5*z - 64 + 9. Suppose -3*o + 12 = 2*d, z = o - 2*d + 5*d. What is the highest common factor of 22 and o?
2
Let p = -164 + 261. Suppose -4*t + p + 19 = 0. Let c = t - 14. What is the greatest common divisor of c and 105?
15
Let q(c) = c + 27. Let b be q(-6). What is the greatest comm